 s(t) = 7*t**2 + 34*t + 23. What is s(-4)?
-1
Let p(o) = -16*o**2 + 2*o + 7. Calculate p(3).
-131
Let r(m) = 2*m**3 + 18*m**2 - 4. What is r(-8)?
124
Let n(j) = 5*j - 4. Give n(-20).
-104
Let q(g) = -g**2 - 337*g - 1681. Determine q(-5).
-21
Let f(w) = -3*w - 7. Give f(3).
-16
Let z(b) = 153*b - 1697. Calculate z(11).
-14
Let z(h) = -83*h**3 + 21*h**2 + 14*h - 6. What is z(-1)?
84
Let y(c) = 8*c**2 + 137*c + 19. Give y(-17).
2
Let v(r) = -4*r**2 - 43*r + 19. Determine v(-14).
-163
Let x(v) = 2*v**2 - 23*v + 20. Give x(7).
-43
Let a(w) = -5*w**3 + 5*w**2 - w - 13. Determine a(4).
-257
Let n(s) = -227*s - 1879. Determine n(-8).
-63
Let g(j) = -j**3 + 42*j**2 - 40*j - 38. What is g(41)?
3
Let d(i) = -3*i**2 - 3*i + 1382. Calculate d(21).
-4
Let y(l) = 18*l - 213. Calculate y(11).
-15
Let f(c) = c**3 + 12*c**2 + 15*c + 3. Determine f(-11).
-41
Let c(g) = 4*g**2 - 8*g - 1220. Give c(19).
72
Let g(f) = 10*f**2 - 520*f - 506. Calculate g(53).
24
Let l(c) = 2*c**3 + 43*c**2 - 15*c + 98. Give l(-22).
-56
Let u(n) = -6*n**2 + 31*n + 2. Give u(5).
7
Let q(c) = 3*c**3 + 59*c**2 + 19*c - 290. Give q(-19).
71
Let u(v) = 233*v - 4911. Determine u(22).
215
Let t(i) = -3*i**3 + 2*i**2 + 82*i + 3. Determine t(0).
3
Let m(k) = -k**3 - 44*k**2 + 41*k - 155. Give m(-45).
25
Let k(d) = 27*d - 243. What is k(-4)?
-351
Let t(x) = -x**2 - 93*x - 1785. Determine t(-27).
-3
Let d(c) = 28*c**2 - 185*c + 88. What is d(6)?
-14
Let v(p) = 2*p**2 + 39*p + 185. Determine v(-12).
5
Let h(d) = -3*d**3 + 163*d**2 + 122*d - 651. Determine h(55).
9
Let m(w) = -w**3 - 10*w**2 - 4*w - 9. Calculate m(-9).
-54
Let p(z) = z**3 - 204*z**2 - 5*z + 1003. Determine p(204).
-17
Let n(h) = h**3 - 16*h**2 + 24*h + 75. What is n(14)?
19
Let y(k) = 144*k. What is y(1)?
144
Let y(o) = 9534*o + 76272. What is y(-8)?
0
Let z(j) = -394*j - 2797. What is z(-8)?
355
Let c(i) = i**3 - 4*i**2 - 58*i + 160. Determine c(3).
-23
Let n(l) = -l**3 + 2*l**2 + 5*l - 29. Determine n(5).
-79
Let o(r) = 558*r + 12838. Determine o(-23).
4
Let h(o) = 23*o**2 + 367*o + 380. Give h(-15).
50
Let w(g) = 14*g**2 + 258*g + 99. Give w(-18).
-9
Let x(r) = r**2 + 15*r - 201. Determine x(8).
-17
Let l(b) = -402*b - 8040. Calculate l(-20).
0
Let r(l) = l**3 + 4*l**2 - 136*l + 10. Calculate r(-14).
-46
Let s(z) = -z**3 - 132*z**2 + 123*z - 997. Calculate s(-133).
333
Let o(g) = 72*g + 12099. Calculate o(-169).
-69
Let g(v) = 38*v + 539. Calculate g(-12).
83
Let t(k) = -191*k**2 - 965*k - 61. Determine t(-5).
-11
Let i(r) = -2*r**2 + 205*r - 1687. What is i(9)?
-4
Let h(c) = 26*c - 121. Determine h(-9).
-355
Let v(y) = -521*y - 10. What is v(0)?
-10
Let v(a) = 22*a - 111. Determine v(16).
241
Let k(o) = 347*o - 1065. Determine k(3).
-24
Let i(j) = 15*j**2 - 15*j + 14. Calculate i(1).
14
Let n(w) = 2*w**3 - 15*w**2 - 8*w + 40. Give n(-2).
-20
Let p(j) = j**3 + 7*j**2 - j - 13. What is p(-8)?
-69
Let z(m) = m**3 - m**2 + 70*m + 245. Give z(-4).
-115
Let s(b) = -b**2 + 38*b + 525. What is s(-11)?
-14
Let q(r) = r**2 + 24*r - 257. Determine q(8).
-1
Let x(i) = 303*i - 1500. Determine x(5).
15
Let u(p) = -p**3 - 3*p**2 + 52*p + 163. What is u(-7)?
-5
Let m(a) = -2*a**3 - 319*a**2 - 468*a + 951. Determine m(-158).
3
Let k(f) = -11*f**3 - 17*f**2 + 13*f + 11. Give k(-2).
5
Let l(i) = -255*i + 934. Give l(4).
-86
Let m(z) = -5*z**2 + 161*z + 259. Calculate m(34).
-47
Let q(d) = 2*d**2 - 307*d - 2522. What is q(-8)?
62
Let p(r) = r**3 + 3*r**2 - 13*r - 12. Give p(-5).
3
Let x(j) = -926*j - 5320. Give x(-6).
236
Let j(n) = n**2 + 17*n + 72. What is j(-8)?
0
Let t(r) = 244*r**2 + 15618*r + 130. What is t(-64)?
2
Let n(i) = i**3 - 202*i**2 - 9964*i - 47. What is n(-41)?
-6
Let k(g) = -2*g**3 + 14*g**2 - 27*g + 348. Determine k(8).
4
Let i(z) = z**3 + 14*z**2 - 67*z + 5. Calculate i(-18).
-85
Let x(h) = h**2 + 517*h - 2078. Calculate x(4).
6
Let d(j) = 3*j**2 - 117*j - 15. What is d(39)?
-15
Let n(g) = -g**3 - 26*g**2 - 74*g - 124. Give n(-23).
-9
Let t(k) = 14*k + 51. Determine t(4).
107
Let d(o) = -145*o - 5321. Determine d(-37).
44
Let b(y) = 11*y**2 + 7*y - 12. Give b(-4).
136
Let v(b) = -2*b**2 + 75*b - 230. Determine v(3).
-23
Let c(y) = -y**2 + 20*y + 131. Calculate c(25).
6
Let d(b) = b**3 + 11*b**2 - 5*b + 16. Calculate d(-11).
71
Let c(o) = 19*o + 367. Determine c(-21).
-32
Let r(s) = s**3 + 117*s**2 - 493*s - 1073. Determine r(-121).
16
Let k(i) = -14*i + 199. What is k(20)?
-81
Let v(y) = -1081*y + 17273. Calculate v(16).
-23
Let p(l) = 2*l**3 - l**2 - 7*l - 90. Calculate p(-5).
-330
Let p(r) = -120*r + 325. Calculate p(3).
-35
Let r(w) = 4*w**2 - 30*w - 752. What is r(18)?
4
Let m(r) = -r**3 - 17*r**2 - 2*r - 31. Give m(-17).
3
Let u(x) = x**3 - 28*x**2 + 8*x - 127. What is u(28)?
97
Let z(y) = y**3 - 15*y**2 - 310*y + 4374. Calculate z(13).
6
Let q(a) = -a**3 + 25*a**2 + 72*a + 345. Calculate q(28).
9
Let v(p) = -p**2 - 307*p + 1878. What is v(6)?
0
Let b(x) = x**3 - 11*x**2 + 5*x - 4. Determine b(10).
-54
Let a(d) = 6757*d + 175685. What is a(-26)?
3
Let y(n) = 41*n**2 - 291*n + 44. What is y(7)?
16
Let g(p) = p + 142. Give g(27).
169
Let m(q) = -2104*q + 77862. What is m(37)?
14
Let r(o) = -74*o - 2113. Calculate r(-29).
33
Let r(o) = 27*o - 1102. Calculate r(41).
5
Let h(g) = 444*g**3 + 1. Determine h(1).
445
Let o(w) = -3*w**3 - 25*w**2 - 14*w - 23. Calculate o(-8).
25
Let c(h) = -303*h + 624. Determine c(2).
18
Let c(x) = 4*x**3 + 12*x**2 + 78*x + 204. Calculate c(-3).
-30
Let c(k) = k**3 + 22*k**2 + 104*k - 24. Give c(-8).
40
Let y(m) = -153*m**3 + 2*m**2 + 8*m - 9. Determine y(1).
-152
Let g(s) = -1596*s - 23915. Calculate g(-15).
25
Let h(x) = -149*x**2 - 7*x - 10. Determine h(-2).
-592
Let t(p) = -2*p**3 + 9*p**2 + 11*p - 32. Calculate t(5).
-2
Let f(y) = -375*y - 1895. Calculate f(-5).
-20
Let o(d) = 3*d - 361. Calculate o(119).
-4
Let l(y) = 181*y - 3286. Give l(18).
-28
Let a(z) = -31*z - 1851. What is a(-59)?
-22
Let g(h) = 273*h - 73. Calculate g(1).
200
Let c(x) = 5*x**3 + 6*x**2 - 12*x + 1. What is c(2)?
41
Let a(i) = i**2 - 17*i - 145. Give a(33).
383
Let y(r) = -8370*r - 92076. Give y(-11).
-6
Let b(g) = -g**3 + 91*g**2 + 205*g - 1758. Determine b(93).
9
Let v(g) = -1677*g + 1642. What is v(1)?
-35
Let o(f) = -5229*f - 52277. Determine o(-10).
13
Let h(g) = g**3 - 9*g**2 - 578*g - 72. Calculate h(29).
-14
Let x(v) = 15*v**3 - 7*v**2 - 6*v + 1. What is x(-1)?
-15
Let a(l) = -4*l**2 - 72*l - 9. Calculate a(-18).
-9
Let p(s) = 136*s**2 - 148*s + 12. What is p(1)?
0
Let f(u) = 237*u**3 + 3*u**2 - 36*u + 34. Determine f(1).
238
Let q(z) = -8719*z - 69735. Calculate q(-8).
17
Let v(w) = 3*w**2 - 81*w + 105. Determine v(27).
105
Let b(p) = -2*p**3 + 20*p**2 - 41*p + 192. What is b(9)?
-15
Let l(i) = -4926*i + 9838. What is l(2)?
-14
Let s(o) = 22*o + 51. Give s(7).
205
Let g(n) = 288*n**3 + n**2 - 3*n + 1. Determine g(1).
287
Let z(j) = -4*j**3 - 3*j**2 + 22*j - 16. Calculate z(1).
-1
Let p(y) = y**3 + 11*y**2 - y - 44. Determine p(-11).
-33
Let i(t) = t**3 - 19*t**2 + 101*t - 92. What is i(10)?
18
Let z(y) = y**3 + 26*y**2 + 127*y + 18. Determine z(-7).
60
Let b(q) = 500*q + 1996. What is b(-4)?
-4
Let r(o) = o**2 - 12*o - 501. Give r(24).
-213
Let i(l) = 1266*l - 70892. Give i(56).
4
Let x(w) = w**3 + 15*w**2 - 11*w - 57. Give x(-13).
424
Let t(l) = -194*l - 764. Give t(-4).
12
Let s(i) = 5*i**2 + 17*i - 9. Determine s(-4).
3
Let j(b) = -b**2 - 112*b + 1905. What is j(-127)?
0
Let s(i) = -36*i + 107. Determine s(4).
-37
Let m(g) = -4*g**3 - 67*g**2 + 18*g - 124. Calculate m(-17).
-141
Let r(x) = 8274*x - 8261. Calculate r(1).
13
Let w(m) = -m**3 + 17*m**2 + 57*m + 43. Determine w(20).
-17
Let f(j) = -2*j**3 + 10*j**2 - 2*j - 9. Give f(5).
-19
Let c(g) = 3*g**3 + 48*g**2 - 318*g - 1. Give c(-21).
62
Let j(x) = 4*x**2 + 234*x - 868. Determine j(-62).
0
Let r(t) = -t**3 + 50*t**2 - 471*t - 152. Give r(37).
218
Let u(f) = -f**2 + 8*f + 2. Give u(0).
2
Let x(f) = -f**2 + 22*f + 104. Calculate x(34).
-304
Let b(t) = -2*t**2 + 1755*t + 10584. Give b(-6).
-18
Let q(u) = -11756*u + 58774. Determine q(5).
-6
Let i(u) = -675*u - 3779. What is i(-5)?
-404
Let a(d) = -4*d**3 + d**2 + 25*d - 16. Calculate a(0).
-16
Let b(s) = -s**3 + s**2 + 6*s - 28. Determine b(4).
-52
Let o(x) = -x**2 - 25*x - 67. Calculate o(-21).
17
L